o base 16.
-50067c
What is -2615737 (base 11) in base 4?
-101102112123
4e0ca (base 15) to base 13
899c2
Convert 13413433 (base 6) to base 4.
1232213331
-540717 (base 10) to base 11
-33a281
Convert 101399 (base 12) to base 3.
110202110100
-4321313 (base 5) to base 4
-101321311
What is -9c7300 (base 16) in base 13?
-217cac8
What is -111111020101 (base 3) in base 10?
-265528
What is 957159 (base 11) in base 7?
16010646
What is 101111000010000110 (base 2) in base 8?
570206
What is 101111000101001011001 (base 2) in base 6?
53022201
-3ea9 (base 16) to base 9
-24003
-201434113 (base 5) to base 4
-3012030013
What is -127791a (base 12) in base 2?
-1101111001001101100110
Convert 5226650 (base 7) to base 14.
125360
Convert 11000100100100111 (base 2) to base 16.
18927
2102220200 (base 3) to base 11
33113
Convert 10001032221 (base 4) to base 13.
2ab74b
-100112131 (base 4) to base 11
-46355
Convert -a69b8 (base 12) to base 16.
-3581c
What is -112122233330 (base 4) in base 6?
-325543032
What is -137410 (base 10) in base 12?
-6762a
-bd682 (base 14) to base 16
-70312
What is -22021111101 (base 3) in base 8?
-476160
-723416 (base 8) to base 15
-4add4
-110001111 (base 4) to base 12
-3b559
-2150432 (base 6) to base 4
-122103110
16014332 (base 7) to base 4
11312113010
Convert -188599 (base 13) to base 3.
-1011102012001
Convert d81e3 (base 15) to base 4.
2213113323
What is -1110011111110011010000 (base 2) in base 9?
-7131884
What is 17743540 (base 8) in base 12?
1496a54
Convert -44732430 (base 8) to base 5.
-4434231102
What is 202b70 (base 13) in base 4?
2312312002
What is -1526561 (base 10) in base 5?
-342322221
Convert 1111001010100000000 (base 2) to base 7.
4136451
11001010101100101 (base 2) to base 5
11310111
What is 4373087 (base 9) in base 14?
452b60
Convert -10000100111100 (base 2) to base 14.
-315a
What is -1034425 (base 6) in base 10?
-51569
Convert 6649d (base 14) to base 13.
88a9c
What is -4973e (base 15) in base 8?
-712015
-2601542 (base 7) to base 8
-1221566
What is -2022200220101 (base 3) in base 14?
-241a7c
What is -5970d5 (base 15) in base 9?
-8037012
220012002201 (base 3) to base 14
c571c
3d8a8 (base 14) to base 4
211100330
What is 1001102222 (base 3) in base 14?
77b1
c956 (base 16) to base 11
357a7
Convert -190db (base 14) to base 12.
-30775
Convert 224010420 (base 5) to base 9.
1784667
What is -10011111000100000010110 (base 2) in base 9?
-10723683
Convert -148848 (base 11) to base 10.
-231283
What is -1001111010111010 (base 2) in base 9?
-61658
6996212 (base 10) to base 7
113316056
What is 4142 (base 11) in base 3?
21112101
1996c (base 14) to base 7
360265
Convert 100001110000011100100100 (base 2) to base 16.
870724
What is -2121220200 (base 3) in base 14?
-14ba8
What is 47ba1a (base 12) in base 16?
11b6f6
Convert 17545 (base 12) to base 16.
8345
-1ac3a (base 14) to base 11
-47315
201002211200 (base 3) to base 5
44013142
-1155aa (base 11) to base 14
-4aa08
Convert -1011111001111001110111 (base 2) to base 9.
-5775780
What is f9c3e (base 16) in base 10?
1023038
-60c33 (base 13) to base 11
-10933a
What is 445411 (base 8) in base 7?
1164065
Convert -324873 (base 9) to base 8.
-572553
What is b7ca (base 13) in base 5?
1304031
What is 1754b0 (base 12) in base 6?
12351140
What is 7c5f2 (base 16) in base 7?
4221131
Convert -13b5b1 (base 14) to base 6.
-22400251
Convert 20342243 (base 5) to base 11.
105615
What is 1001010101010000110 (base 2) in base 8?
1125206
What is -167cc9 (base 15) in base 7?
-12155535
122732 (base 8) to base 2
1010010111011010
What is -22122120120 (base 3) in base 6?
-3352153
What is -1240213221 (base 5) in base 9?
-5664500
What is a09b3 (base 16) in base 13?
1a0574
Convert 3520541 (base 8) to base 10.
958817
What is 4819c0 (base 13) in base 14?
329cd0
What is -54387 (base 10) in base 9?
-82540
32320 (base 14) to base 12
5a288
Convert 4363954 (base 10) to base 7.
52043620
Convert -5000d2 (base 15) to base 2.
-1110011111000001010000
Convert -641000 (base 7) to base 9.
-177868
What is 30622530 (base 7) in base 6?
131123333
What is 110101001100111100 (base 2) in base 13?
7825a
Convert -11011110000111000 (base 2) to base 14.
-2d62c
What is 23122313 (base 4) in base 9?
71142
Convert 141062 (base 10) to base 11.
96a89
What is aa9c0 (base 13) in base 16?
4b809
-55449 (base 12) to base 2
-11011100100111001
What is 313120242 (base 5) in base 6?
43520350
-11320230002 (base 4) to base 13
-420389
Convert -c7233c (base 14) to base 7.
-111123605
What is 354bf (base 16) in base 6?
4402355
What is -3655105 (base 9) in base 6?
-110314305
Convert -1004031 (base 5) to base 3.
-211010211
-900557 (base 11) to base 14
-29a686
What is -303433312 (base 5) in base 3?
-2022200011020
What is 7435593 (base 10) in base 4?
130113111021
-4208d3 (base 14) to base 3
-11012021211012
What is 14745 (base 14) in base 13?
1a198
-1091bb (base 12) to base 15
-5364b
Convert -86f0c (base 16) to base 14.
-1055da
What is 296a9aa (base 11) in base 14?
968a8a
Convert 4a52 (base 13) to base 9.
15416
What is 1012233 (base 11) in base 3?
10100220020112
Convert -a29d (base 16) to base 10.
-41629
Convert -dd3d (base 14) to base 4.
-21112003
What is -40a4c (base 15) in base 10?
-204822
-320230312 (base 4) to base 13
-81931
What is 55b46 (base 15) in base 12?
111879
15012665 (base 7) to base 8
5314060
What is -1085533 (base 9) in base 2?
-10001111100011101001
Convert -103416 (base 11) to base 12.
-7b975
Convert a943 (base 16) to base 13.
16952
Convert 375478 (base 10) to base 2.
1011011101010110110
What is -22a491 (base 13) in base 4?
-3020303020
Convert 1420145 (base 6) to base 10.
80417
Convert 30343216 (base 7) to base 6.
130133134
-238c4 (base 13) to base 14
-19aad
What is -64a24aa (base 11) in base 16?
-ae4e0e
Convert 1062170 (base 8) to base 12.
11a708
Convert 1113111 (base 4) to base 16.
15d5
What is -3224000 (base 5) in base 6?
-1102015
106825 (base 10) to base 3
12102112111
What is 425e7 (base 16) in base 6?
5454315
-7423a1 (base 12) to base 7
-21354466
What is 2110021000111 (base 3) in base 13?
368818
Convert 16254124 (base 8) to base 4.
32111201110
What is 490102 (base 11) in base 15?
104e4b
Convert -31133344 (base 5) to base 10.
-255474
Convert -11211682 (base 10) to base 12.
-39082aa
10110101101110001101110 (base 2) to base 5
3011022140
Convert -102032133 (base 4) to base 11.
-510a9
Convert -202301131 (base 4) to base 15.
-2c304
Convert -26a44 (base 13) to base 15.
-16535
What is -c318d (base 14) in base 13?
-13594b
What is 1140004 (base 5) in base 3?
1002011012
-135955 (base 14) to base 13
-1a5452
-870922 (base 11) to base 2
-101010011110110001000
What is -5316344 (base 7) in base 15?
-ca91e
What is -81215d (base 16) in base 6?
-501215033
-37451032 (base 8) to base 3
-120120121001010
What is -11043413211 (base 5) in base 13?
-2674954
-19b6641 (base 12) to base 11
-30a2905
Convert 100100101000100011 (base 2) to base 8.
445043
Convert -1cee34 (base 16) to base 15.
-276b93
Convert -111412312 (base 6) to base 7.
-23222030
-22020121110020 (base 3) to base 15
-5b83d0
Convert -6221cb (base 15) to base 9.
-8688642
570634 (base 15) to base 6
225001121
What is 6233847 (base 9) in base 16?
32cd19
-a5997 (base 13) to base 12
-124714
Convert -224513041 (base 6) to base 3.
-21210200000221
Convert -510696 (base 14) to base 15.
-38d82e
Convert 10101120010 (base 3) to base 10.
66747
Convert -161154 (base 9) to base 2.
-11000001111001010
Convert 101010100000111 (base 2) to base 8.
52407
What is -101212220222012 (base 3) in base 9?
-11786865
-1230133310 (base 4) to base 8
-1543764
Convert 3513b9 (base 14) to base 5.
430342142
Convert 264260 (base 8) to base 10.
92336
1014322 (base 8) to base 5
32042443
What is -12111020010 (base 3) in base 12?
-52649
What is -744049 (base 15) in base 2?
-10101000110100000101110
-1001010101100001110 (base 2) to base 11
-199942
c7b5c3 (base 16) to base 15
1237eb5
1121320400 (base 5) to base 2
1001101000110010001110
-1000213221 (base 4) to base 3
-111110002000
Convert -594c8 (base 14) to base 8.
-651210
Convert 434071 (base 12) to base 16.
103e55
What is 92317 (base 11) in base 9?
224831
Convert -313304240 (base 5) to base 7.
-14051654
51603 (base 11) to base 14
1d601
5811265 (base 9) to base 7
35444042
What is ac65 (base 14) in base 8?
72271
34043420 (b